 + 0. Determine v(d).
-5
Let a(s) = 7*s - 8. Let c(x) = -3*x + 4. Let k(p) = 2*a(p) + 5*c(p). What is k(4)?
0
Let h(g) = -4*g**3 - 2*g**2 - g. Suppose 4*l + 5 = 1. Determine h(l).
3
Let p(i) be the third derivative of -i**5/60 + 5*i**4/24 + 2*i**3/3 - 2*i**2. Determine p(6).
-2
Let l(t) = -t**3 - 8*t**2 + t + 4*t + 4*t + 2*t**2 + 4. Give l(-7).
-10
Let a = -50 - -51. Let q(s) = -17*s**2. Determine q(a).
-17
Let q(b) = b**3 - 21*b**2 + 21*b - 2. Let g be q(20). Let u(n) = -12 - 3*n - 1 + g + 0. Determine u(4).
-7
Let h be -2 + 3*(-4)/6. Let m(o) = -o**3 - 3*o**2 + o - 1. What is m(h)?
11
Let j(i) = -4*i**2 - 3 - 5 + 4*i**3 - 5*i - 3*i**3 - i**2. What is j(6)?
-2
Let h be (-3)/(3/((-6)/(-2))). Let y(t) = t**2 + t + 3. Determine y(h).
9
Let f(a) = -5*a. Let r(t) = t + 1. Let z be r(-4). What is f(z)?
15
Let i(d) = 4*d - d**2 + 2 - 1 + 0. Let f = -1 + 3. Suppose 2*b + f = 6. Give i(b).
5
Let c(g) = -g**2 + 5*g + 2. Let x(m) = m + 3. Let o be (0 + 2)/(-4)*0. Suppose 0 = -3*y - o*y. Let t be x(y). Determine c(t).
8
Let d(a) = 7*a + 1 - 2*a - 3*a + 1. Let w(b) = 1. Suppose 0 = -0*o - 5*o - 5. Let c(t) = o*d(t) + 2*w(t). Determine c(1).
-2
Suppose 25 = -5*w - 0*w. Let m(a) = a**2 + 11*a + 5. Let z(t) = -t**2 - 10*t + 2 + 0*t**2 - 6. Let l(f) = 6*m(f) + 7*z(f). Calculate l(w).
-3
Let n(i) = -13*i**2 + 10*i + 15. Let g(c) = 7*c**2 - 5*c - 8. Let q(d) = 11*g(d) + 6*n(d). Determine q(7).
-12
Let a(c) = -5*c**3 + 17*c**2 + 4*c - 9. Let b(m) = -2*m**3 + 8*m**2 + 2*m - 4. Let r(s) = 3*a(s) - 7*b(s). What is r(-4)?
-7
Let q(c) = -4*c + 3. Let d(y) = -8*y + 7. Let z(g) = 2*d(g) - 5*q(g). Give z(-1).
-5
Let q(n) = -n + 7. Let y be q(7). Let u(z) be the third derivative of 0 + 1/24*z**4 - 2/3*z**3 + 0*z + 1/120*z**6 - 1/60*z**5 - z**2. Calculate u(y).
-4
Let z = 1 - 0. Let m(a) = -5*a**2 + 3 - 3 - z. Let r be ((-4)/(-12))/((-1)/(-3)). Calculate m(r).
-6
Let i(p) = -14 + 7*p + 14 - 8*p**2 + p**3 - 3. Determine i(7).
-3
Suppose 5*z = 4*j - 40, -2*z + 0*z = -3*j + 23. Let x(t) be the third derivative of -1/2*t**3 + 3*t**2 - 1/6*t**4 + 0 + 0*t - 1/20*t**j. Give x(-2).
-7
Let g = -3 - 1. Let c(d) = 0 - 6 - 2*d**2 + 2 - 7*d. Give c(g).
-8
Suppose -2*v + 5 = 11. Let f(j) = 2*j - 3. Calculate f(v).
-9
Let r be 9/(-6)*(-1 + -1). Let m(u) be the first derivative of -2*u**2 + 4 + 4*u + u**2 - 3. What is m(r)?
-2
Let m(w) = -w**3 + 5*w**2 - 5*w + 2. Suppose 3*c + 7 = -j, -5*c - 2*j - 10 = -c. Let z(d) = d - 6 - 3*d**2 + 5*d**2 + 4. Let h be z(c). Calculate m(h).
-2
Let i(b) = 5*b**3 - b**2 - 5*b - 4. Let y(p) = -p**3 - p**2 + p + 1. Let h(t) = -i(t) - 6*y(t). Calculate h(-7).
5
Let q(r) = r**2 - r - 1. Let s(f) = 8*f**2 - 4*f - 6. Let m(v) = 6*q(v) - s(v). Let y be 12/5 - 6/15. Determine m(y).
-12
Let r(d) be the second derivative of -d - 2/3*d**3 - 1/120*d**5 + 3/8*d**4 + 0 + 0*d**2. Let m(n) be the second derivative of r(n). Determine m(0).
9
Let d(r) be the second derivative of r**5/20 + r**4/3 + r**3/6 + r**2 - 15*r. Determine d(-4).
-2
Let t(p) = -p + 1. Let v be t(1). Suppose v = -2*x - x - 15. Let f(u) = u**3 + 5*u**2 - 3. Give f(x).
-3
Let p(j) = -j - 1. Suppose -3*q + 47 - 11 = 0. Let i be (-14)/6 - 8/q. Determine p(i).
2
Suppose 36 = -0*k + 4*k - 4*o, -3*k - 5*o = 13. Let s(z) = 3 - 1 - 2 + k*z - z**2 + 2. Determine s(4).
2
Let f(k) = k**2 + 6*k + 1. Suppose 5 + 4 = 3*d, 15 = -2*y + d. Determine f(y).
1
Let l(s) = 7*s**2 + 2*s + 3. Let b be l(-2). Suppose -3 - b = -g. Suppose 4 = p + 2*f + 3, 4*p - 5*f = g. Let i(c) = -c + 4. Determine i(p).
-1
Suppose -49 = -3*d + 10*d. Let b(r) = -r**3 - 6*r**2 + 7*r + 6. Calculate b(d).
6
Let o(p) = 41*p**2 + p + 4. Let d be o(3). Let r be (-4)/18 + d/72. Let k(c) = c**3 - 6*c**2 + 5*c - 3. Calculate k(r).
-3
Let l(d) = 2*d**2 - 2*d - 4. Suppose -o = 2*o - 12. Suppose o*j = -j. Let x be (-3)/(-1) - 0 - j. Give l(x).
8
Let z(n) = 17*n**2 - 5*n**2 - 10*n**2. What is z(1)?
2
Suppose -u = 3, -4*a - 16 = 4*u + 12. Let x = a - -4. Let l(r) = r**3 + r + 9. Give l(x).
9
Let a(y) = -y**3 + y**2 - 1. Let k(i) = -4*i**3 - 2*i**2 + i + 2. Let o(c) = -2*a(c) - k(c). Let l be o(1). Let d(v) = -2*v + 2. Calculate d(l).
-8
Let m(f) = -f**3 + 2*f**2 + f + 4. Let h(a) = a**2 - a - 1. Let c(t) = 3*h(t) + m(t). Calculate c(5).
-9
Let c(t) be the second derivative of 1/6*t**4 - 7/6*t**3 + 2*t**2 + 0 + 3*t. Calculate c(4).
8
Let w(a) = -2*a - 4. Let s be w(-5). Let k(n) = 5*n - 4. Let c(q) = -9*q + 8. Let u(v) = 4*c(v) + 7*k(v). Let y be u(s). Let i(m) = 2*m - 2. What is i(y)?
-6
Let x(r) = r**3 - 19*r**2 - 19*r - 16. Let k be x(20). Let p(d) = -d**3 + 3*d**2 - 2 + 2*d + 0*d + 0*d**3. Calculate p(k).
-10
Let q(r) = r**2 + 6*r - 5. Let x be q(-7). Let z(s) be the first derivative of -s**2/2 - s + 1. Calculate z(x).
-3
Let u = 25 - 33. Let y(c) = -c**3 - 7*c**2 + 8*c - 3. Calculate y(u).
-3
Let r(t) = -7*t**2 - t. Suppose 0*a = -2*a. Let l = a + -1. Determine r(l).
-6
Let n(y) = -y. Let u be (-2)/(6/27*-3). Suppose 4*s - u = -3*i + 17, -3*s + 10 = i. Calculate n(i).
-4
Let a(m) = 4*m**3 - 12 - 5*m**3 - 5*m**2 + 0*m**3 + 15 - 4*m. Give a(-5).
23
Suppose 3*s - 1 = 2*g - 18, 2*g = -2*s - 8. Let y(b) = b - 2. Calculate y(g).
-1
Let n(m) = -5*m**2 - m. Let z(u) = u**3 + 9*u**2 + 10*u + 5. Let b be z(-8). Let j(w) = -10*w**2 - 2*w. Let k(h) = b*n(h) + 6*j(h). What is k(1)?
-6
Let q(h) = h**2 - 2*h - 3. Let k = -13 + 19. Suppose -2*w = -49 + 55. Let c = w + k. Give q(c).
0
Suppose 2*s + s + 3*t - 6 = 0, 0 = 3*s - 5*t - 6. Let q(x) = x - s*x - 5*x + 4*x. Determine q(-4).
8
Let n be 60/(-25) - 8/(-20). Suppose 2*m + 12 = -4*y, 8 = 2*m - 3*y - 8. Let p(k) = -2 + k**2 + k**m - 2*k - k**2. Calculate p(n).
6
Let u(a) = -2*a**3 - a**2 + 1. Let k = -7 - -12. Suppose 5*n - k*t + 5 = 0, -t + 5 - 20 = -5*n. Let i be (-5 + 3)*2/n. Give u(i).
2
Let r(s) be the third derivative of -s**7/5040 + s**6/240 - s**5/15 + 5*s**2. Let n(f) be the third derivative of r(f). What is n(3)?
0
Let m = -44 - -69. Let r = 27 - m. Let t(h) = -3*h**2 + 3*h. Calculate t(r).
-6
Let k be 6 + -3 + -2 + -1. Let p(j) = j**2 - 1. Let f(w) = 5*w**2 + w - 2. Let n(x) = -f(x) + 4*p(x). What is n(k)?
-2
Let c = 2 + -1. Let z(l) = 1. Let a(y) = -7*y - 3*y + 3 - 2*y**2 + 12*y. Let s(f) = c*a(f) - 2*z(f). Give s(-1).
-3
Let y = 15 + -13. Let g(v) = -10*v - y*v + v**3 + 6*v**2 - 7 + 3*v. Give g(-7).
7
Let s(a) = -a**3 + 7*a**2 - 6*a + 4. Let q be s(6). Let g(n) = -q*n - 2 + 2 + 1. Let i be g(-1). Let k(h) = h**3 - 5*h**2 - 2*h + 2. Give k(i).
-8
Let v(o) be the first derivative of o**2/2 + 4*o + 47. Give v(-6).
-2
Suppose r = 5 - 2. Suppose -r*d + 18 = 6. Let f(k) = k - 8. Give f(d).
-4
Suppose 0*y - w = -y, -5*w + 36 = 4*y. Suppose -5*u + 8 = y*r, 0 = -3*r - u - 2*u + 6. Let i(m) = 3*m**2 - 4*m + 2. What is i(r)?
6
Let z(v) be the second derivative of -v**3/6 + v**2/2 + 8*v. Suppose -22 = 3*c + 2. Let i = c + 5. Calculate z(i).
4
Let i(y) = -5*y + 1 + y**2 + 2*y**2 - 4 - 2*y**2. Calculate i(5).
-3
Let w(p) = p**2 - 4*p. Suppose 5*m - 30 = -0. What is w(m)?
12
Suppose -4*i = -2*i - 2. Let m(x) = 3*x**2 - x + x**3 + 3*x - 4 + i. What is m(-3)?
-9
Let k(r) = -39*r - 3 + 2*r**2 - r**2 + 40*r. Give k(-3).
3
Suppose b = -4*x - 16, -x + 1 = -2*b - 4. Let j(s) = s - 1. Give j(x).
-4
Suppose 9 = 5*w - 6. Let d be 7 - (4/(-2) + w). Let z(v) = v - v + d + v. Determine z(-5).
1
Let l(j) = -j - 20. Let g be l(-13). Let z(t) = -3*t**3 - 7*t**2 + 5*t + 12. Let b(r) = -7*r**3 - 14*r**2 + 11*r + 25. Let o(v) = 2*b(v) - 5*z(v). What is o(g)?
11
Let p(k) = -5*k**2 + 3*k. Let b(x) = 9*x**2 - 7*x + 1. Let f(w) = -4*b(w) - 7*p(w). Determine f(5).
6
Let p = 6 - 2. Let h(n) be the second derivative of -n**3/6 + 3*n. What is h(p)?
-4
Let i = -8 - -12. Suppose -i*k + k = 0. Suppose y + 5 = -k*y. Let u(s) = s**3 + 6*s**2 + 6*s + 3. Give u(y).
-2
Let c be (-6)/21 - (-6)/21. Let o(j) = j**3 + j - 1. Calculate o(c).
-1
Let f(g) = g**2 - 4*g - 3. Let s = -91 - -95. Calculate f(s).
-3
Let a(g) = 2*g + 7. Let d be a(-5). Let o(i) = i + 8. Let r(l) = l + 7. Let x(z) = -5*o(z) + 6*r(z). Calculate x(d).
-1
Let v = -12 - -15. Let k(c) = c + 7 - 6 - 8*c**3 + c**3 + c**2 - 3*c**v. Determine k(-1).
11
Let t be (0 - -1)*(2 + 3). Let n(b) be the third derivative of 0*b - 1/60*b**5 + 2*b**2 + 1/3*b**3 + 0 + 1/6*b**4. Calculate n(t).
-3
Let l